1) - (-300)/h?
3, 17
Suppose 0 = -4*r + 4*a + 14 - 2, 0 = -3*r - 5*a + 33. Let k be (r - 7)/(1/(-7)). Let i(u) = u - 5. What are the prime factors of i(k)?
2
List the prime factors of -6 + 84/16 + (-1551)/(-4).
3, 43
Suppose m - 680 = -a, -29*a - 676 = -30*a + 3*m. List the prime factors of a.
7, 97
Suppose 6404 - 2408 = 9*w. What are the prime factors of w?
2, 3, 37
Let l = 2423 - 244. What are the prime factors of l?
2179
Suppose -3*k + 2*a + 16853 = 0, -k + 2*a = k - 11234. List the prime factors of k.
3, 1873
Suppose 11 = -10*s + 31. Suppose -5*k = 2*r - 627, s*r - 699 = -2*k - 81. List the prime factors of r.
2, 3, 17
Let j(i) = i**3 + 2*i**2 + 3*i + 2. Let o be j(-1). Suppose b - 3*c - 34 = o, b - 5*c = 3*b - 112. List the prime factors of b.
2, 23
Let b = -22 + 22. Let r = b - -4. Suppose 47 = n + j, r*j - 42 = -n + 14. What are the prime factors of n?
2, 11
Suppose n = 4*n - 15. Let l(f) = -f**3 + 4*f**2 + f - 7. Let m be l(n). Let b = -10 - m. What are the prime factors of b?
17
Suppose r + w = 3*r + 1, -2*r - 2*w - 16 = 0. What are the prime factors of -4 - r - 3 - -23?
19
Suppose 266*t + 2724 = 270*t + 4*y, 9 = -3*y. What are the prime factors of t?
2, 3, 19
Let v = 828 - 569. What are the prime factors of v?
7, 37
Suppose 22*a - 27*a = 3*v - 672, 0 = -2*a - 6. What are the prime factors of v?
229
What are the prime factors of 52/(-104) + (-754)/(-4)?
2, 47
Suppose 209*v = 205*v + 2684. List the prime factors of v.
11, 61
Let n(o) be the first derivative of -6 - 9/2*o**2 - 1/3*o**3 + 3*o. What are the prime factors of n(-7)?
17
Let b(d) be the second derivative of 16*d**3/3 - 3*d**2/2 - 8*d. Suppose 3*i + 0 = 6. What are the prime factors of b(i)?
61
Let p(s) = s**3 - 4*s**2 + 5*s - 4. Let z be p(3). Suppose 3*l = z*l + 32. What are the prime factors of l?
2
Let w(m) be the second derivative of 11*m**3/6 + 7*m**2/2 - 8*m. Let h be -2 + 3 - (-4 - 0). What are the prime factors of w(h)?
2, 31
Let l(b) = b**3 + 6*b**2 - 7*b + 3. Suppose -4*p + 8 = -3*n, p + 5*n - 21 = n. Suppose 18 = -2*a - a + i, p*a - 3*i = -26. What are the prime factors of l(a)?
3
Let c(x) = 325*x**2 + 2 + 8*x - 325*x**2 - x**3. What are the prime factors of c(-5)?
3, 29
Let y(u) = 2 - u + 23*u**2 - 33*u**2 + 15*u**2 + 11*u. List the prime factors of y(-7).
3, 59
Suppose -3*h = -94 + 85. Suppose 447 = 2*s - h*a, -4*a - 363 - 307 = -3*s. List the prime factors of s.
2, 3, 37
Let m(w) = 6*w**2 + 157*w + 4. What are the prime factors of m(7)?
11, 127
Suppose -3*n = 4*d - 2469, -n - 9*d + 8*d = -822. List the prime factors of n.
3, 7, 13
Let i be 0 + (-2939)/11 - (-42)/231. List the prime factors of ((i/5)/3)/(1/(-5)).
89
Suppose 13 + 5 = 9*d. Suppose d*u + 5*m - 221 + 45 = 0, 0 = u + m - 88. List the prime factors of u.
2, 11
Let j = 1177 - 717. List the prime factors of j.
2, 5, 23
Let x be 15 + 4*(-2)/(-4). Suppose 0 = 5*c - 0*c + 3*w - 3, -5*w = c + x. Suppose -2*g = -c*g + 2. List the prime factors of g.
2
Suppose -h - 67 = 2*k, 5*h + 2*k + 317 = -2*k. Let v = h - -101. Suppose -5*p + 5 = -v. What are the prime factors of p?
3
Suppose -g = -3 + 1. Let d be -19 - ((-6)/2 + g). What are the prime factors of (12/d)/((-1)/6)?
2
Let a be 390/45 + (-4)/(-3). Suppose 50 = 5*y + 2*s, -y - 7*s + a = -2*s. Suppose 8*z - y*z = -56. What are the prime factors of z?
2, 7
Let l = -27 + -13. List the prime factors of (54/(-15))/(3/l).
2, 3
Suppose -11 + 8 = -j. Suppose j*d = -0*d + 5076. List the prime factors of (-12)/(-21) - d/(-28).
61
Suppose 0 = 33*p - 23*p - 9010. What are the prime factors of p?
17, 53
Suppose 2*z = -2*n, 4 + 2 = -4*z - 2*n. Let t be ((-4)/(-8))/(2/56). Let y = t - z. List the prime factors of y.
17
Let r = 28 + -16. What are the prime factors of 16/r - 58/(-6)?
11
Let x(r) = -r**3 - 13*r**2 + 16*r + 30. Let n be x(-14). Suppose z - 2*j = -4*z + 1158, -n*z - 3*j = -467. What are the prime factors of z?
2, 29
Let h be (-22)/(-10) - 7/35. Suppose h*m - 56 = -z, -4*z - 4*m = 56 - 272. What are the prime factors of z?
2, 13
Suppose -11*t - 33280 = -37*t. List the prime factors of t.
2, 5
Let r be (-3 + (-34)/(-10))*-5. Let p(l) = 11*l**2 - 2. What are the prime factors of p(r)?
2, 3, 7
Suppose -124*s + 119*s = -4*h - 2499, 4*h = 3*s - 1493. What are the prime factors of s?
503
Let c = -15 - -17. Suppose a = -0 + 2, 425 = 3*z - c*a. What are the prime factors of z?
11, 13
Let r(d) = 641*d + 85. List the prime factors of r(2).
1367
Let f be 4/(-6) - (-410)/3. Suppose -112 - f = -2*q. List the prime factors of q.
2, 31
Let t(w) = -6*w + 14. Let i(g) = -3*g + 7. Let b(k) = 7*i(k) - 4*t(k). Let r be b(3). Suppose -r*o - 18 + 72 = 0. What are the prime factors of o?
3
Let t be 220/(-10)*(0 - -1). Let f = 13 + t. What are the prime factors of (-4)/18 + (-209)/f?
23
Let f = 19 + -19. Suppose f*r + 4*r = 20. Suppose 0*p + 4*p + 10 = -2*w, -2*w = r*p + 15. What are the prime factors of w?
5
Suppose 183 = -4*v - 5*z, -v = 2*z + 55 - 7. Suppose 5*t - 57 = 3. What are the prime factors of (-75)/(-7) - t/v?
11
Let t(y) = 456*y - 412. List the prime factors of t(5).
2, 467
Let n = -16 + 21. Let a be 6/n*160/24. What are the prime factors of (a/(-16))/((-1)/134)?
67
Let f = 1067 + -362. List the prime factors of f.
3, 5, 47
Suppose 2*u = 4*j + 13 + 3, u = -2*j. Suppose 4*a - 76 + u = 0. Suppose 7 = -b + a. List the prime factors of b.
11
Let x(w) be the second derivative of -w**5/20 + 13*w**4/12 + 7*w**3/6 - 11*w**2/2 + 51*w. What are the prime factors of x(12)?
7, 31
Let i(s) = -s**2 + 24*s - 45. Let o be i(15). Let j = o + -5. What are the prime factors of j?
5, 17
Suppose -81*y + 79920 = -45*y. List the prime factors of y.
2, 3, 5, 37
Suppose 2*i + 0*i = 4. Let u be 0/i + 4/(-4). Let j(m) = -11*m**3 - 2*m**2 - m. What are the prime factors of j(u)?
2, 5
Let a(d) = d**2 - 3*d + 2. Let y be a(3). Let v be ((-6)/(-9))/(y/900). What are the prime factors of v/7 - (-1)/7?
43
Suppose o + 4*y = -y - 7, -3*y = 4*o - 6. Let s be o - -4*(-3)/(-1). Let i = s + 1. List the prime factors of i.
2
Suppose 5*n + 0*y - 2*y - 125 = 0, 140 = 5*n + y. List the prime factors of n.
3
Let v(g) = 2*g**2 + 2*g + 5*g**3 + 1 - 8*g**3 - 6*g**3. Let b be v(-1). Let x(h) = h**3 - 11*h**2 + 13*h + 9. What are the prime factors of x(b)?
3, 13
Let z(q) = -13*q + q**3 - 10*q**2 + 10 - 15*q + 27*q. Let i be z(10). Suppose -4*y = -2*r + 60, r = -i*r - 5*y + 2. What are the prime factors of r?
2, 11
Suppose -7 = -4*n + 1. Suppose 4*g - 20 = 2*x - x, 2*g = n*x + 16. Suppose 28 = q + g. What are the prime factors of q?
2, 3
Let z = 798 - 341. List the prime factors of z.
457
Suppose 7*h + 20*h = 118125. What are the prime factors of h?
5, 7
List the prime factors of 1308 + 10 - (6 + -6).
2, 659
Suppose 0 = -7*n + 8*n + 332. Suppose -4*o - 6 = -3*o. List the prime factors of o/(-15) + n/(-20).
17
Suppose 0 = d + d - 18. List the prime factors of (314/10 - (d - 10))*5.
2, 3
Let m(q) = 43*q - 158. What are the prime factors of m(10)?
2, 17
Let z(o) = -13*o**3 - o**2 - 2*o. Let q be z(-1). Suppose 3*c = c - 10, c = 2*t - 91. Let v = t - q. What are the prime factors of v?
29
Let j be (6/(-4))/((-57)/(-76)). List the prime factors of ((-5)/j + -2)*62.
31
Suppose 6*q = 65 + 67. List the prime factors of 33*(q/3)/2.
11
List the prime factors of 2194 - 13/39*-33.
3, 5, 7
What are the prime factors of -4 - 504/(24/(-6))?
2, 61
Suppose -2134 = -4*j + 3*o + 1715, 2*j - 1927 = -o. List the prime factors of j.
3, 107
Let b(o) = -o**2 + 14*o - 101. Let h be b(5). Let v = 3 + -2. What are the prime factors of h/(-32) - v/(-4)?
2
Let d(m) = m + 1. Let c(q) = -q**2 + 5*q + 5. Let w(p) = -c(p) + 6*d(p). Let j be w(-5). Let v = j - -13. List the prime factors of v.
2, 17
Let w(a) = 2*a**2 - a - 3. Let k be w(-1). What are the prime factors of (-54)/(-1) + k + 3?
3, 19
Suppose 3*r + 3*y - 6 = 0, 5*r - 2*y + 2 = -2. Suppose 14*v - 5*v - 477 = r. List the prime factors of v.
53
Let s be 245/3 - 4/6. Suppose -4*r - 45 = -3*r. Let x = s + r. What are the prime factors of x?
2, 3
Let v be ((-9)/5)/(4/(-40)). Suppose -y + v = -0*y. What are the prime factors of y?
2, 3
Let j = 14 - 9. Suppose -5*h = j*b - 250, 3*b = 6*b - h - 158. List the prime factors of b.
2, 13
Let a(k) = -152*k - 7. Let v be a(-2). Let i = -192 + v. What are 